 by c(1).
18
Let w = 1449 - 1435. Calculate the remainder when 121 is divided by w.
9
Suppose -4*u + 31 + 29 = 0. Suppose 3*y = u - 3. Suppose -77 + 17 = -y*k. Calculate the remainder when 27 is divided by k.
12
Let b(l) = l**2 + 21*l + 6. Let v be b(-21). Suppose -10*i + v*i + 20 = 0. Suppose 0 = -i*h + 157 + 258. Calculate the remainder when h is divided by 12.
11
Suppose 0 = 14*d - 9*d - 405. Let k = d + -56. Suppose -15 = -2*y + k. What is the remainder when 78 is divided by y?
18
Let n(g) = -2*g + 1. Let s(q) = -87*q + 94. Let d(v) = -n(v) - s(v). Calculate the remainder when d(2) is divided by 24.
11
Suppose 34 = -u + 3*u. Suppose 0 = 21*x - 8*x - 1755. Let s = x + -72. What is the remainder when s is divided by u?
12
Let a be ((-35)/7 + 2)*1/(-3). What is the remainder when (-4 - (-7 - 252))*(a - 0) is divided by 45 + 12/(-42) + (-48)/28?
40
Let r(s) = 3*s + 13. Let z(x) = -2*x**3 - 16*x**2 - 11*x + 21. What is the remainder when z(-10) is divided by r(5)?
27
Let s(l) = 20*l + 3*l**2 + 13 - 2*l**2 - 5 - 14*l. Calculate the remainder when 799 is divided by s(-12).
79
What is the remainder when 1491 is divided by 585/180 + 535/20?
21
Let z = -7162 - -7179. Let x(s) = -26*s - 2. Let u(b) = -25*b - 3. Let w(g) = -3*u(g) + 4*x(g). Calculate the remainder when w(-1) is divided by z.
13
Suppose 0 = 5*p + 13*i - 15*i - 685, -p = 3*i - 137. What is the remainder when 1146 is divided by p?
50
Let q = 1471 + -1390. What is the remainder when q is divided by (-2)/(-5) - (-272)/20?
11
Let z be ((-1)/((-12)/(-14)))/((-11)/66). Let i(f) = -13*f + 96. Calculate the remainder when 19 is divided by i(z).
4
Suppose -52250*q = -52402*q + 14136. What is the remainder when q is divided by (-28)/(-6) - 2/3?
1
Let o = 87 - 164. Let u = o - -555. Let f = -281 + u. Calculate the remainder when f is divided by 33.
32
Let p = -43 + 45. Suppose -2*z + 0*z - 6 = -p*c, -5*z = 2*c - 27. Suppose r = -n + 112, 4*n = -c*r + r + 443. Calculate the remainder when n is divided by 30.
27
Let i(v) = -5*v**2 - 215*v - 351. What is the remainder when i(-29) is divided by 28?
27
Let x(o) = -10*o + 190. Let j be x(-16). Suppose -354*n = -j*n - 116. Calculate the remainder when (-81)/2*(-24)/18 is divided by n.
25
Suppose -55*m = -23*m - 20896. What is the remainder when m is divided by 53?
17
Suppose 0 = 20*v - 24*v + 144. Let n(r) = 3*r**2 - r + 2. Let h be 63/6*(-6)/(-9). What is the remainder when n(h) is divided by v?
34
Let a = -295 + 306. Suppose a*h = 3*o + 8*h - 87, 5*h = 20. Calculate the remainder when 52 is divided by o.
19
What is the remainder when 77 is divided by 10/(-60)*64*1*-3?
13
Suppose 4*i - 288 = -4*s - 0*s, 5*s - i = 348. Suppose -2*q = -4*t + s, 4*t - 74 + 3 = q. What is the remainder when t is divided by 9?
0
Let u be (-2735)/(-7) - ((-120)/42)/10. Suppose u + 1049 = 30*s. What is the remainder when 50 is divided by s?
2
Let q(g) be the second derivative of -g**4/3 + 7*g**3/3 + 21*g**2/2 + 2*g. Let b be q(9). Let m = b - -255. What is the remainder when m is divided by 40?
38
Let w = -5426 - -5680. Calculate the remainder when w is divided by 20.
14
Let p(b) = 5*b - 111. Let j(x) = -20*x + 445. Let h(l) = -2*j(l) - 9*p(l). What is the remainder when 82 is divided by h(19)?
12
Suppose 3*s - 32 = -5*f + 48, 0 = 4*f + 2*s - 62. What is the remainder when 178 is divided by (-2 - 0)/(26/52) + f?
7
Suppose 0 = -12*w + 11*w + 114. Suppose -4*l = 5*j + 504, l - 98 - w = 2*j. Calculate the remainder when (-4)/(2 - (-212)/j) is divided by 15.
14
Calculate the remainder when 2133 is divided by (11/2)/((-71)/(-142)).
10
Suppose 0 = 25*c + 95 - 345. Suppose -6*g + 2*g = -4*b - 24, -3*b = 4*g - 52. Suppose 4*j - g = 178. What is the remainder when j is divided by c?
7
Suppose 199*p - 1136939 - 142432 = 0. What is the remainder when p is divided by 32?
29
Suppose 964 + 330 = g. Let h = -905 + g. Calculate the remainder when h is divided by 65.
64
Let s(b) = 3*b**2 - 100*b - 3. Calculate the remainder when s(35) is divided by 11.
7
Let b = -14390 - -14394. Calculate the remainder when 1941 is divided by b.
1
Suppose 2*j + o - 2*o = -108, -3*o - 236 = 4*j. Let n = j - -69. What is the remainder when 1/(2*(-2)/(-292)) is divided by n?
8
Let t = 14772 - 14123. Calculate the remainder when t is divided by 23.
5
Calculate the remainder when (1 - (-425 - -10)) + 1/(-2 - -1) is divided by 79.
20
Let x(i) = i**3 - 10*i**2 + 9*i + 5. Let r be x(9). Suppose -2*s + 28 = d, r*d + s + 22 = 180. Calculate the remainder when 156 is divided by d.
28
Let s(o) = o**3 - 40*o**2 + 90*o - 38. Let x be s(37). Let w = -764 - x. What is the remainder when 183 is divided by w?
30
Let t = 15699 + -15523. What is the remainder when t is divided by 45?
41
Suppose -8*v + 2 = -238. Let k be (0 + -1)/((-4)/(-100)). Calculate the remainder when 39 is divided by (-2 - (-48)/v)*k.
9
What is the remainder when (-14)/((-140)/6)*-15 + 379 is divided by 75?
70
Let t(y) = 177*y - 1721. Calculate the remainder when t(14) is divided by 5.
2
Let x be (15/(-4))/((-40)/160). Calculate the remainder when ((-5)/x)/((-7)/2163) is divided by 42.
19
Let k = 267 - 65. Suppose -280 = -5*y - 0*y + 3*a, 3*y + 5*a - k = 0. Let r = y + -42. Calculate the remainder when 75 is divided by r.
7
Suppose 0 = -5*s - 0*s - 475. Let v = 4 - s. Suppose -4*w + w + v = 0. Calculate the remainder when w is divided by 9.
6
Suppose -6 = 3*y - 0. Let a be 0*(-2)/(-8)*y. Suppose a = 5*p - 73 - 12. Calculate the remainder when p is divided by 5.
2
Suppose -4*w - 368 = 32. Let z = 175 + w. What is the remainder when z is divided by 11?
9
Suppose 5*f = -2*w - 8, -2*w - w = -3*f - 9. Let y(q) = -52*q - 83. What is the remainder when 292 is divided by y(f)?
19
Let o(z) = -25*z - 1859. What is the remainder when (-2 - (-163 + 2)) + 2 is divided by o(-76)?
38
Suppose -40293*h + 40294*h = 1588. Calculate the remainder when h is divided by 75.
13
Let h = 6878 + -6694. Calculate the remainder when h is divided by (-13 - -12)*-9*1.
4
Let x be ((-14)/21)/((-13)/(-6) + -2). Let n be -5*(x + 1) - 1. What is the remainder when (-7 - -1)*(-91)/n is divided by 14?
11
Suppose 14 = -h + 3*p, -4*p - 35 = 4*h - 9*p. Let c be -3 + 6 + (h - -4). Suppose k + 175 = c*k. What is the remainder when k is divided by 59?
57
Let l = -31 - -59. Let g(z) = 13*z - 119. Let t be g(10). Suppose t*b + 272 = 27*b. What is the remainder when l is divided by b?
11
Suppose 1396 = -99*r + 10405. Suppose 0 = -4*u + 2*p - 38, 0 = -5*u - 3*p - 24 - 29. Let v = 39 - u. Calculate the remainder when r is divided by v.
42
Let i be 390/(-104) - 6/(-8). Calculate the remainder when 7/(70/12)*(-425)/(-10) is divided by 5 - (-3 + (i - -2)).
6
Let t = 5653 - 5634. What is the remainder when 491 is divided by t?
16
Let d = 13323 - 11507. What is the remainder when d is divided by 166?
156
Suppose -4*z = -474 - 458. Suppose -4*o - l + z = 0, 5*o + 4*l = o + 236. Calculate the remainder when o is divided by 26.
6
Let d be (-8)/76 - 22336/76. Let n = -215 - d. What is the remainder when n is divided by 5?
4
Let z(y) = -223 + 218 - 13*y - 2*y - 5*y**2. Let a be z(-4). What is the remainder when (-3)/(-9) - -26*a/(-30) is divided by 6?
4
Let a(u) = -2*u**2 + 22*u + 36. Let x be a(13). Calculate the remainder when (100/(-10))/(4/x) is divided by 35.
5
Suppose 4*g - 1229 = -3*i + 470, -4*i - 5*g + 2264 = 0. Let w = 593 - i. Calculate the remainder when 157 is divided by w.
29
Let t = 15446 - 12564. Calculate the remainder when t is divided by 20.
2
What is the remainder when 2741*12/(-9)*(209/(-22) - -8) is divided by 98?
92
Suppose 458*h - 435*h - 1058 = 0. Calculate the remainder when 1008 is divided by h.
42
Let n = -29 - -28. Let z(b) = -21*b**2 - 2*b - 2. Let u be z(n). Let w = 51 + u. What is the remainder when 56 is divided by w?
26
Suppose -3*g = -2*p - 71, -2*p + 88 + 3 = 3*g. Let o(i) = 4*i - 21. Let j be o(4). Let l = g - j. What is the remainder when l is divided by 7?
4
Suppose 0 = -w + 2 + 3. Suppose -5*z = f + 2 + w, 100 = 5*f - 2*z. Suppose -f*q - 115 = -23*q. Calculate the remainder when 87 is divided by q.
18
Let t(u) = -u**3 - 6*u**2 + 6*u - 7. Suppose -3*n - 24 = -0*n. Let f(r) = 157*r + 4421. Calculate the remainder when t(n) is divided by f(-28).
23
Suppose 0 = -732*v + 718*v